 2*h + 2. Let w be x(-5). Suppose 0 = j + 5 - w. What is the greatest common divisor of 16 and j?
16
Suppose -z + 16 = z - 3*o, o - 40 = -5*z. Suppose 0 = -4*p - 1 + 17. Let d be (-4)/((-1)/p*1). What is the greatest common factor of z and d?
8
Let p = 21 + -31. Let j = 21 + p. Let r(z) = z**2 + 2*z + 9. Let n be r(-7). What is the highest common factor of n and j?
11
Let v be (-56)/(-21) - 4/6. Suppose -d = -4*l + 8 + v, -4*d - 2*l + 50 = 0. What is the highest common divisor of 30 and d?
10
Let y(b) = b**2 - 6*b + 3. Let k be y(5). Let p be (2/4)/((-1)/k). Calculate the highest common factor of p and 1.
1
Let s(g) = 12*g - 27. Let c be s(12). Calculate the greatest common divisor of c and 13.
13
Let t be (-6 + 2 - -8)/(2/40). Calculate the highest common divisor of t and 16.
16
Let k be (-1 - -3)*2 - 29. Let a be (-6)/((-8)/4) - k. What is the greatest common factor of 42 and a?
14
Let m(d) = -2*d**3 - 3*d**2 - 4*d - 6. Let u be m(-4). What is the greatest common factor of 10 and u?
10
Let o(i) = -i**2 - 9*i - 8. Let x be o(-6). Calculate the greatest common divisor of x and 1.
1
Let t = -33 + 47. Calculate the highest common divisor of 21 and t.
7
Let a = 14 - 6. Let v = -5 + a. Let d be (-362)/(-4) - v/(-6). What is the highest common factor of 13 and d?
13
Suppose 0*t - 3*t = -363. Let h(d) = -d**3 - 9*d**2 - 13*d - 8. Let u be h(-8). Suppose 0 = 2*n + 10 - u. Calculate the highest common factor of n and t.
11
Suppose 2 = 4*j - 38. Let c be 104/j - 2/5. Let r(i) = i + 70. Let d be r(0). Calculate the greatest common factor of d and c.
10
Suppose m + 11 = -0*a + 3*a, m = -4*a + 3. Suppose k - a - 2 = 0. Suppose g = u - k*g - 29, u - 4*g - 25 = 0. Calculate the greatest common divisor of u and 9.
9
Let q = -27 + 41. Suppose -71*g - 630 = -80*g. What is the highest common factor of g and q?
14
Let p = 18 - 17. What is the highest common factor of 9 and p?
1
Let j be 4/6 + (-72)/27. Let q be (2/4*0)/j. Let s(r) = -r + 23. Let m be s(q). Calculate the highest common divisor of m and 23.
23
Let g be 6 - ((1 - 2) + 1). Suppose -k + g = k. Suppose 0*s + 5*w = -s + 30, -k*s + 14 = -4*w. Calculate the highest common divisor of s and 2.
2
Let f be ((-20)/8 + 3)*30. What is the highest common divisor of f and 90?
15
Let q(p) = p**3 + 12*p**2 - 12*p + 17. Let c be q(-13). Calculate the greatest common factor of 28 and c.
4
Let i be (3 + 1)/((-2)/(-18)). Calculate the greatest common divisor of 162 and i.
18
Let d be -30*(-1 - 39/6). Let p = d + -157. Calculate the greatest common factor of 17 and p.
17
Suppose c = p - 2*p, 0 = 4*p - 3*c - 21. Calculate the greatest common divisor of 12 and p.
3
Suppose 0 = a + 2 - 7. Suppose -395 = -a*x - n - 98, -2*x = -4*n - 132. Let b be x/14 + 4/(-14). Calculate the highest common divisor of 28 and b.
4
Suppose 0 = -3*s - 3 + 9. Suppose -3*c = s*c - 60. Let i be ((-2)/(-4))/((-2)/(-12)). What is the highest common divisor of c and i?
3
Let j(q) = -q**2 + 27*q - 59. Let g be j(24). Calculate the greatest common factor of g and 52.
13
Let t(s) = -s**2 - 16*s - 12. Let p be t(-10). Calculate the greatest common factor of p and 16.
16
Let h be 1 + (1 - (-1 - 0)). Suppose -h*z - 47 = -182. Suppose -y = -2*y + 3*u + z, -5*y = u - 177. What is the greatest common factor of 4 and y?
4
Let b(p) = 5*p**2 - 2*p - 3. Let y be b(-2). Let i = 0 - 0. Let k = i - -3. Calculate the greatest common factor of k and y.
3
Let q = -11 - -3. Let j be 0 - -3 - (q + 2). Calculate the greatest common factor of j and 18.
9
Let p = -7 - -19. Let f be (-30)/(-4)*4/5. What is the greatest common factor of f and p?
6
Suppose 11 = 3*q + 2. Suppose -3*f + 39 = b - 23, -5*f = q*b - 170. What is the greatest common factor of 20 and b?
10
Let i be 1/(1 - 212/216). What is the highest common factor of i and 6?
6
Let z(v) = v**2 - 2*v - 7. Let c be z(4). What is the greatest common factor of 2 and c?
1
Let c = -18 - -64. Let k = 4 + c. Calculate the highest common divisor of 75 and k.
25
Suppose 2*c = c + 14. What is the highest common divisor of c and 21?
7
Let b(k) = -k**2 + 3*k - 1. Let n be b(2). Suppose 4*j = -5*t + t + 32, -5*j + 16 = -3*t. Let o = 5 - t. What is the highest common divisor of o and n?
1
Let s = 39 - 32. Calculate the highest common divisor of 35 and s.
7
Let u = -39 - -56. Let z = u - 13. Calculate the highest common factor of z and 44.
4
Let j be 15/(-25) - 1929/(-15). What is the greatest common factor of 16 and j?
16
Let j = -65 - -115. Calculate the highest common divisor of 10 and j.
10
Let n(a) = 7*a**2 - 2*a + 1. Let w be n(7). What is the highest common divisor of w and 30?
30
Let z be 2/3 + 20/6. Suppose z*q - 4*t = t - 13, 3*q = t + 4. Suppose 0 = -5*f + 4*a + 18, 4*f + 6*a - 36 = 2*a. What is the highest common factor of f and q?
3
Let x(o) be the first derivative of 0*o + 1 - 1/2*o**2 - 11/4*o**4 - 2/3*o**3. Let b be x(-1). Calculate the greatest common divisor of 50 and b.
10
Let j = 19 + -1. Suppose -i + 1 + j = 0. What is the highest common divisor of 57 and i?
19
Let o be -15*9 + 0/(-17). Suppose 2*j + 2*j = -232. Let v = j - o. Calculate the highest common factor of v and 11.
11
Let s = 80 + -47. Calculate the highest common divisor of 3 and s.
3
Suppose 2*r - 34 = -4*i, 4*r - 5*i + 0*i = 55. Suppose 102 + r = 3*l. Calculate the highest common factor of l and 13.
13
Suppose 4*x = 5 + 7. What is the greatest common divisor of 3 and x?
3
Suppose 0 = c - 2*c - 139. Let u = 52 - 139. Let p = u - c. Calculate the highest common divisor of 13 and p.
13
Suppose 2*l = -l + 39. Suppose -v + 10 = -l. What is the highest common factor of 115 and v?
23
Suppose 0 = -m - m + 44. Calculate the highest common factor of 110 and m.
22
Suppose -3*a - 6 = -6*a. Suppose 2*z - 4*k = 30, 4*z + a*k - 73 = -3*k. Calculate the greatest common factor of 136 and z.
17
Suppose -5*c - 30 + 344 = -4*l, 0 = -3*c + 4*l + 182. What is the greatest common factor of 44 and c?
22
Suppose 0*i + i - 13 = 0. Let b be 389/6 - 1/(-6). What is the greatest common factor of b and i?
13
Suppose -4*c = 4*y - 240, -3*c + 3*y = 2*c - 332. What is the greatest common divisor of c and 16?
16
Suppose 3*v - 8 - 4 = 0. Suppose -a = 5 - 2, u - v*a = 33. Calculate the greatest common divisor of u and 210.
21
Let f = 27 + -27. Suppose -5*p - l + 32 = 0, -l + 3 - 6 = f. Let r be 1*-1 + 2 - -48. Calculate the greatest common divisor of p and r.
7
Suppose 5*d + 602 = 3*p, p + 4*d = 4*p - 607. Calculate the highest common factor of 19 and p.
19
Let x(s) = -5*s - 34. Let r be x(-9). Let a = -43 + 120. What is the highest common divisor of a and r?
11
Let k = -1 + 34. Calculate the greatest common factor of k and 330.
33
Suppose 0 = u - 5*h - 21, 5*h = -2*u + 15 - 3. Calculate the greatest common factor of u and 1.
1
Let n = -20 + 30. What is the highest common factor of 4 and n?
2
Let d = -11 - -24. Let r = 84 + -32. What is the highest common factor of d and r?
13
Let i = -143 + 246. Suppose 4*c - 49 = i. Calculate the highest common factor of 95 and c.
19
Let r(s) = -2*s + 54. Let n be r(25). What is the greatest common divisor of 12 and n?
4
Suppose -1111 = -5*v + k, -3*k = -0*v - v + 225. Let r = 352 - v. Calculate the highest common divisor of 13 and r.
13
Suppose 4*i + 2*y - 7*y - 7 = 0, 5*i + 19 = -3*y. Let c be i*-3*(-8)/(-6). Suppose c*w - 60 = 3*w. What is the greatest common factor of w and 12?
12
Suppose -5*t + 201 + 114 = 0. Let y(h) = h**2 - 7*h + 9. Let g be y(7). What is the greatest common factor of t and g?
9
Let s(c) = -c + 1. Let b be s(-6). Let r be -4 - -3*(-2)/(-3). Let f = r + b. Calculate the highest common divisor of f and 15.
5
Suppose 0 = n + 2*c - 170, -4*n + 155 = -3*n - c. Suppose 0 = 5*q - 27 - 53. Calculate the greatest common factor of n and q.
16
Let l = -238 + 255. Suppose 3*y + y - 26 = -2*o, 0 = -5*o + y + 87. Calculate the greatest common factor of o and l.
17
Suppose 0 = -3*v + 6*v. Suppose 2*n - 280 + 100 = v. Calculate the highest common divisor of 10 and n.
10
Suppose -32 = 5*c - 2. Let m be (64/c)/(-2)*9. Suppose 2*w - 4*w + 10 = 2*p, 5*w - 2*p = 32. What is the greatest common divisor of w and m?
6
Let r = -19 - -34. Let x = -26 + r. Let f = x + 27. What is the greatest common factor of f and 4?
4
Let n(t) = 0*t - 41*t**3 